{"id":2176,"date":"2017-03-06T17:05:53","date_gmt":"2017-03-06T17:05:53","guid":{"rendered":"http:\/\/laser.usal.es\/alf\/?page_id=2176"},"modified":"2024-10-15T12:03:05","modified_gmt":"2024-10-15T11:03:05","slug":"our-phd-thesis","status":"publish","type":"page","link":"https:\/\/laser.usal.es\/alf\/en\/research\/publicactions\/our-phd-thesis\/","title":{"rendered":"Our PhD thesis"},"content":{"rendered":"\t\t<div data-elementor-type=\"wp-page\" data-elementor-id=\"2176\" class=\"elementor elementor-2176\">\n\t\t\t\t\t\t<section class=\"elementor-section elementor-top-section elementor-element elementor-element-ff4704e elementor-section-boxed elementor-section-height-default elementor-section-height-default\" data-id=\"ff4704e\" data-element_type=\"section\" data-e-type=\"section\">\n\t\t\t\t\t\t<div class=\"elementor-container elementor-column-gap-default\">\n\t\t\t\t\t<div class=\"elementor-column elementor-col-100 elementor-top-column elementor-element elementor-element-d716c9b\" data-id=\"d716c9b\" data-element_type=\"column\" data-e-type=\"column\">\n\t\t\t<div class=\"elementor-widget-wrap elementor-element-populated\">\n\t\t\t\t\t\t<div class=\"elementor-element elementor-element-d5a17d1 elementor-widget elementor-widget-text-editor\" data-id=\"d5a17d1\" data-element_type=\"widget\" data-e-type=\"widget\" data-widget_type=\"text-editor.default\">\n\t\t\t\t<div class=\"elementor-widget-container\">\n\t\t\t\t\t\t\t\t\t<h2 style=\"text-align: center;\">Doctoral theses presented and\/or directed by members of the group<\/h2>\t\t\t\t\t\t\t\t<\/div>\n\t\t\t\t<\/div>\n\t\t\t\t\t<\/div>\n\t\t<\/div>\n\t\t\t\t\t<\/div>\n\t\t<\/section>\n\t\t\t\t<section class=\"elementor-section elementor-top-section elementor-element elementor-element-2483b94 elementor-section-boxed elementor-section-height-default elementor-section-height-default\" data-id=\"2483b94\" data-element_type=\"section\" data-e-type=\"section\">\n\t\t\t\t\t\t<div class=\"elementor-container elementor-column-gap-default\">\n\t\t\t\t\t<div class=\"elementor-column elementor-col-100 elementor-top-column elementor-element elementor-element-9f0d78d\" data-id=\"9f0d78d\" data-element_type=\"column\" data-e-type=\"column\">\n\t\t\t<div class=\"elementor-widget-wrap elementor-element-populated\">\n\t\t\t\t\t\t<div class=\"elementor-element elementor-element-ae51a70 elementor-widget__width-initial elementor-widget elementor-widget-text-editor\" data-id=\"ae51a70\" data-element_type=\"widget\" data-e-type=\"widget\" data-widget_type=\"text-editor.default\">\n\t\t\t\t<div class=\"elementor-widget-container\">\n\t\t\t\t\t\t\t\t\t<div class=\"infogram-embed\" data-id=\"alftesis_eng-1hnq410vy9z8p23?live\" data-type=\"interactive\"><\/div><script>!function(e,t,s,i){var n=\"InfogramEmbeds\",o=e.getElementsByTagName(\"script\"),d=o[0],r=\/^http:\/.test(e.location)?\"http:\":\"https:\";if(\/^\\\/{2}\/.test(i)&&(i=r+i),window[n]&&window[n].initialized)window[n].process&&window[n].process();else if(!e.getElementById(s)){var a=e.createElement(\"script\");a.async=1,a.id=s,a.src=i,d.parentNode.insertBefore(a,d)}}(document,0,\"infogram-async\",\"\/\/e.infogram.com\/js\/dist\/embed-loader-min.js\");<\/script><\/p>\t\t\t\t\t\t\t\t<\/div>\n\t\t\t\t<\/div>\n\t\t\t\t\t<\/div>\n\t\t<\/div>\n\t\t\t\t\t<\/div>\n\t\t<\/section>\n\t\t\t\t<section class=\"elementor-section elementor-top-section elementor-element elementor-element-61c860d2 elementor-section-boxed elementor-section-height-default elementor-section-height-default\" data-id=\"61c860d2\" data-element_type=\"section\" data-e-type=\"section\">\n\t\t\t\t\t\t\t<div class=\"elementor-background-overlay\"><\/div>\n\t\t\t\t\t\t\t<div class=\"elementor-container elementor-column-gap-default\">\n\t\t\t\t\t<div class=\"elementor-column elementor-col-100 elementor-top-column elementor-element elementor-element-415cc02b\" data-id=\"415cc02b\" data-element_type=\"column\" data-e-type=\"column\">\n\t\t\t<div class=\"elementor-widget-wrap elementor-element-populated\">\n\t\t\t\t\t\t<div class=\"elementor-element elementor-element-350a2b22 elementor-widget elementor-widget-text-editor\" data-id=\"350a2b22\" data-element_type=\"widget\" data-e-type=\"widget\" data-widget_type=\"text-editor.default\">\n\t\t\t\t<div class=\"elementor-widget-container\">\n\t\t\t\t\t\t\t\t\t<h2 style=\"text-align: center;\">Information on the PhD thesis recently presented<\/h2><ul><li><strong>Author<\/strong>: D\u00aa Ana Garc\u00eda Cabrera<ul><li><strong>Title<\/strong>: <em>Efectos de las simetr\u00edas del cristal en la generaci\u00f3n de arm\u00f3nicos altos en grafeno<\/em><\/li><li><strong>Supervisor<\/strong>: D- Luis Plaja Rustein, D. Carlos Hern\u00e1ndez Garc\u00eda<\/li><li><b>Oral examination date<\/b>: 29th July 2024<\/li><\/ul><\/li><\/ul><hr \/><ul><li><strong>Author<\/strong>: D\u00aa Alba de las Heras Mu\u00f1oz<ul><li><strong>Title<\/strong>: <a href=\"https:\/\/www.educacion.gob.es\/teseo\/mostrarRef.do?ref=2526021\" target=\"_blank\" rel=\"noopener\"><em>Study of multielectron Dynamics and structured laser beams in attosecond physics<\/em><\/a><\/li><li><strong>Supervisor<\/strong>: D. Carlos Hern\u00e1ndez Garc\u00eda, D. Luis Plaja Rustein..<\/li><li><b>Oral examination date<\/b>: 24th May 2024<\/li><li><b>Award<\/b>: International Doctor Mention.\u00a0<\/li><\/ul><\/li><\/ul><hr \/><ul><li><strong>Author<\/strong>: D\u00ba\u00a0 Javier Prada Rodrigo<ul><li><strong>Title<\/strong>: <a href=\"https:\/\/www.educacion.gob.es\/teseo\/mostrarRef.do?ref=2444679\" target=\"_blank\" rel=\"noopener\"><em>Formation and characterization of surface micro- and nanostructures in polymers and polymeric nanocomposites prepared by irradiation with pulsed nano- and femtosecond lasers<\/em><\/a><\/li><li><strong>Supervisor<\/strong>: D. Pablo Moreno Pedraz, D\u00aa. Esther Rebollar Gonzalez.<\/li><li><b>Oral examination date<\/b>: 8th June 2023<\/li><li><b>Award<\/b>: International Doctor Mention.\u00a0<\/li><\/ul><\/li><\/ul><hr \/><ul><li><strong>Author<\/strong>: D\u00ba\u00a0 Miguel L\u00f3pez Ripa<ul><li><strong>Title<\/strong>: <em>Development of ultra-stable characterization techniques for ultrashort laser beams<\/em><\/li><li><strong>Supervisor<\/strong>: \u00cd\u00f1igo Juan Sola Larra\u00f1aga, Benjam\u00edn Alonso Fern\u00e1ndez.<\/li><li><b>Oral examination date<\/b>: 26th May 2023<\/li><\/ul><\/li><\/ul><hr \/><ul><li><strong>Author<\/strong>:\u00a0D\u00ba Roberto Boyero Garc\u00eda<ul><li><strong>Title<\/strong>: <a href=\"https:\/\/www.educacion.gob.es\/teseo\/mostrarRef.do?ref=2340351\" target=\"_blank\" rel=\"noopener\"><em>Study of the macroscopic high-order harmonic emission form single-layer graphene<\/em><\/a><\/li><li><strong>Supervisor<\/strong>: Luis Plaja, Carlos Hern\u00e1ndez Garc\u00eda<\/li><li><b>Oral examination date<\/b>: 21st November 2022<\/li><\/ul><\/li><\/ul><hr \/><ul><li><strong>Author<\/strong>:\u00a0D\u00aa Laura Rego Cabezas<ul><li><strong>Title<\/strong>: <a href=\"https:\/\/www.educacion.gob.es\/teseo\/mostrarRef.do?ref=2054265\" target=\"_blank\" rel=\"noopener\"><em>Structuring high-order harmonic generation with the angular momentum of light<\/em><\/a><\/li><li><strong>Supervisor<\/strong>: Luis Plaja, Carlos Hern\u00e1ndez Garc\u00eda<\/li><li><b>Oral examination date<\/b>: \u00a029th September 2021.<\/li><li><b>Award<\/b>: Highest qualification awarded. International Doctor Mention. Honourable Mention of the Universidad de Salamanca.<\/li><\/ul><\/li><\/ul><hr \/><ul><li><strong>Author<\/strong>: D\u00aa\u00a0Aurora Crego Garc\u00eda<ul><li><strong>Title<\/strong>: <a href=\"https:\/\/www.educacion.gob.es\/teseo\/mostrarRef.do?ref=2032017\" target=\"_blank\" rel=\"noopener\"><em>Optimization of the post-compression process of ultrashort laser pulses in hollow capillary fibers<\/em><\/a><\/li><li><strong>Supervisor<\/strong>:\u00a0Julio San Rom\u00e1n \u00c1lvarez de Lara, Enrique Conejero Jarque<\/li><li><b>Oral examination date<\/b>: \u00a026th July 2021.<\/li><li><b>Award<\/b>: Highest qualification awarded. International Doctor Mention. Honourable Mention of the Universidad de Salamanca.<\/li><\/ul><\/li><\/ul><hr \/><ul><li><strong>Author<\/strong>: D\u00ba Javier Garc\u00eda Ajates<ul><li><strong>Title<\/strong>: <a href=\"https:\/\/www.educacion.gob.es\/teseo\/mostrarRef.do?ref=2068830\" target=\"_blank\" rel=\"noopener\">Dise\u00f1o y fabricaci\u00f3n de circuitos fot\u00f3nicos integrados 3D mediante microprocesado con l\u00e1seres pulsados<\/a><\/li><li><strong>Supervisor<\/strong>: Javier Rodr\u00edguez V\u00e1zquez de Aldana<\/li><li><b>Oral examination date<\/b>: \u00a018th October 2021.<\/li><\/ul><\/li><\/ul><hr \/><ul><li><strong>Author<\/strong>: D\u00ba \u00d3scar Zurr\u00f3n Cifuentes<ul><li><strong>Title<\/strong>: <em><a href=\"https:\/\/www.educacion.gob.es\/teseo\/mostrarRef.do?ref=1987545\">High-order harmonic generation in graphene and carbon nanotubes.<\/a><\/em><\/li><li><strong>Supervisor<\/strong>: Luis Plaja<\/li><li><b>Oral examination date<\/b>: \u00a07th May 2021.<\/li><li><b>Award<\/b>: Highest qualification awarded. Honourable Mention of the Universidad de Salamanca.<\/li><\/ul><\/li><\/ul><hr \/><ul><li><strong>Author<\/strong>: D\u00aa Ana Sofia Vieira Silva<ul><li><strong>Title<\/strong>: <em><a href=\"https:\/\/www.educacion.gob.es\/teseo\/mostrarRef.do?ref=1928457\">Ultrafast Magnetization Dynamics in Multilayered Films Down to Few-cucle Regime<\/a><\/em><\/li><li><strong>Supervisor<\/strong>: David Navas Otero (Instituto de Ciencia de Materiales de Madrid, CSIC), Helder Crespo (Universidad de Oporto), \u00cd\u00f1igo Sola.<\/li><li><b>Oral examination date<\/b>: \u00a025th November 2020.<\/li><li><b>Award<\/b>: Highest qualification awarded. International Doctor Mention.<\/li><\/ul><\/li><\/ul><hr \/><ul><li><strong>Author<\/strong>: D\u00ba Boris Alberto L\u00f3pez Zubieta<ul><li><strong>Title<\/strong>: <a href=\"https:\/\/www.educacion.gob.es\/teseo\/mostrarRef.do?ref=1927602\"><em>Optimizaci\u00f3n y caracterizaci\u00f3n de procesos no lineales inducidos por luz.<\/em><\/a><\/li><li><strong>Supervisor<\/strong>: Julio San Rom\u00e1n, \u00cd\u00f1igo Sola<\/li><li><b>Oral examination date<\/b>: \u00a020th November 2020.<\/li><li><b>Award<\/b>: Highest qualification awarded. International Doctor Mention.<\/li><\/ul><\/li><\/ul><hr \/><ul><li><strong>Author<\/strong>: D\u00ba Enrique Sodupe Ortega<ul><li><strong>Title<\/strong>: <a href=\"https:\/\/www.educacion.gob.es\/teseo\/mostrarRef.do?ref=1755450\"><em>Novel Advances in Bioprinting Based on the Mechanical Design and Optimization of Open-source Systems<\/em><\/a><\/li><li><strong>Supervisor<\/strong>: Alpha Ver\u00f3nica Pern\u00eda Espinoza (dir. tes. Universidad de La Rioja), Andr\u00e9s Sanz Garc\u00eda (dir. tes. Universidad de Salamanca)<\/li><li><b>Oral examination date<\/b>: \u00a029th April 2019.<\/li><li><b>Award<\/b>: Highest qualification awarded. International Doctor Mention.<\/li><\/ul><\/li><\/ul><hr \/><ul><li><strong>Author<\/strong>: D\u00ba\u00a0Ren\u00e9 Israel Rodr\u00edguez Beltr\u00e1n<ul><li><strong>Title<\/strong>: <em><a href=\"http:\/\/hdl.handle.net\/10366\/137359\">Nanoestructurado de Composites de Matriz Polim\u00e9rica y Aditivos de Base Carbono con L\u00e1seres Pulsados de Nano- y Femtosegundos<\/a><\/em><\/li><li><strong>Supervisor<\/strong>: Pablo Moreno Pedraz y Esther Rebollar Gonz\u00e1lez (Instituto de Qu\u00edmica F\u00edsica Rocasolano, CSIC)<\/li><li><b>Oral examination date<\/b>: \u00a013th March 2018.<\/li><li><b>Award<\/b>: Highest qualification awarded.<\/li><\/ul><\/li><\/ul><hr \/><ul><li><strong>Author<\/strong>: D\u00ba Gabriel Roberto Castillo Vega<ul><li><strong>Title<\/strong>: <a href=\"http:\/\/hdl.handle.net\/10366\/135755\"><em>Ultrafast laser microprocessing of transparent dielectrics. New schemes for the fabrication of photonic devices.<\/em><\/a><\/li><li><strong>Supervisor<\/strong>: Javier Rodr\u00edguez V\u00e1zquez de Aldana y Santiago Camacho L\u00f3pez (CICESE, Mexico)<\/li><li><b>Oral examination date<\/b>: \u00a011th September 2017.<\/li><li><b>Award<\/b>: Highest qualification awarded.<\/li><\/ul><\/li><\/ul><hr \/><ul><li><strong>Author<\/strong>: D\u00ba Eduardo Warein Holgado Lage.<ul><li><strong>Title<\/strong>: <a href=\"https:\/\/gredos.usal.es\/jspui\/handle\/10366\/132963\"><em>Study of high-order harmonic generation effects under variations of focusing conditions of few cycle laser pulses.<\/em><\/a><\/li><li><strong>Supervisor<\/strong>: \u00a0\u00cd\u00f1igo Sola.<\/li><li><b>Oral examination date<\/b>: \u00a010th November 2016.<\/li><li><b>Award<\/b>: Highest qualification awarded. International Doctor Mention.<\/li><\/ul><\/li><\/ul><hr \/><ul><li><strong>Author<\/strong>: D\u00ba Luca Christopher Stockhausen<ul><li><strong>Title<\/strong>: <a href=\"https:\/\/www.educacion.gob.es\/teseo\/mostrarRef.do?ref=1198515\"><em>Laser-driven ion acceleration from ultrathin solid targets<\/em><\/a><\/li><li><b>Supervisors<\/b>: Ricardo Torres y Enrique Conejero Jarque<\/li><li><b>Oral examination date<\/b>: 11th December 2015.<\/li><li><b>Award<\/b>: Highest qualification awarded.<\/li><\/ul><\/li><\/ul><hr \/><ul><li><strong>Author<\/strong>: D\u00ba Jos\u00e9 Antonio P\u00e9rez Hern\u00e1ndez<ul><li><strong>Title<\/strong>: <em><a href=\"http:\/\/hdl.handle.net\/10366\/128253\">Intense-field high-order harmonic generation: beyond the standard picture<\/a><\/em><\/li><li><b>Supervisors<\/b>: Luis Plaja<\/li><li><b>Oral examination date<\/b>: 21th May 2015.<\/li><li><b>Award<\/b>: Highest qualification awarded.<\/li><\/ul><\/li><\/ul><hr \/><ul><li><strong>Author<\/strong>: D\u00ba Alexis Chac\u00f3n Salazar<ul><li><strong>Title<\/strong>: <em><a href=\"https:\/\/gredos.usal.es\/handle\/10366\/127370\">Interaction of attosecond and femtosecond pulses with atoms and molecules.<\/a><\/em><\/li><li><b>Supervisors<\/b>: Camilo Ru\u00edz M\u00e9ndez.<\/li><li><b>Oral examination date<\/b>: 20th February 2015.<\/li><li><b>Award<\/b>: Highest qualification awarded.<\/li><\/ul><\/li><\/ul><hr \/><ul><li><strong>Author<\/strong>: D\u00aa Mar\u00eda Portillo Mu\u00f1oz.<ul><li><strong>Title<\/strong>: <a href=\"https:\/\/gredos.usal.es\/handle\/10366\/123846\"><em>Aplicaci\u00f3n del L\u00e1ser de Femtosegundo en Dentina: An\u00e1lisis Morfol\u00f3gico y Mejora de la Eficacia Adhesiva Resina-Esmalte.<\/em><\/a><\/li><li><b>Supervisors<\/b>: \u00a0Pablo Moreno Pedraz, Alberto Albaladejo.<\/li><li><b>Oral examination date<\/b>: \u00a07th March 2014.<\/li><li><b>Award<\/b>:Highest qualification awarded.<\/li><\/ul><\/li><\/ul><hr \/><ul><li><strong>Author<\/strong>: D\u00aa Mar\u00eda Cruz Lorenzo Luengo.<ul><li><strong>Title<\/strong>: <a href=\"https:\/\/gredos.usal.es\/handle\/10366\/124174\"><em>Aplicaci\u00f3n del L\u00e1ser de Femtosegundo en Esmalte: An\u00e1lisis Morfol\u00f3gico y Mejora de la Eficacia Adhesiva Bracket-Esmalte<\/em><em>.<\/em><\/a><\/li><li><b>Supervisors<\/b>: \u00a0Pablo Moreno Pedraz, Alberto Albaladejo, Jos\u00e9 Miguel Llorente.<\/li><li><b>Oral examination date<\/b>: \u00a010th January 2014.<\/li><li><b>Award<\/b>:\u00a0Highest qualification awarded. Honourable Mention of the Universidad de Salamanca.<\/li><\/ul><\/li><\/ul><hr \/><ul><li><strong>Author<\/strong>: D\u00ba\u00a0Carlos Hern\u00e1ndez-Garc\u00eda.<ul><li><strong>Title<\/strong>:\u00a0<a href=\"http:\/\/laser.usal.es\/alf\/wp-content\/uploads\/2012\/11\/ThesisCarlosHernandezGarcia.pdf\"><em>Coherent attosecond light sources based on high-order harmonic generation: Influence of the propagation effects.<\/em><\/a><\/li><li><b>Supervisor<\/b>: \u00a0Luis Plaja Rustein.<\/li><li><b>Oral examination date<\/b>: \u00a025th\u00a0January 2013.<\/li><li><b>Award<\/b>: Highest qualification awarded. International Doctor Mention.<\/li><\/ul><\/li><\/ul><hr \/><ul><li><strong>Author<\/strong>: D\u00aa Roc\u00edo Borrego Varillas.<ul><li><strong>Title<\/strong>:\u00a0<a href=\"http:\/\/laser.usal.es\/alf\/wp-content\/uploads\/2012\/11\/Thesis_RocioBorregoVarillas.pdf\"><em>Role of wavefront aberrations of amplified femtosecond pulses in nonlinear optics<\/em><em>.<\/em><\/a><\/li><li><b>Supervisors<\/b>: \u00a0Javier Rodr\u00edguez V\u00e1zquez de Aldana.<\/li><li><b>Oral examination date<\/b>: 18th\u00a0January 2013.<\/li><li><b>Award<\/b>:\u00a0European Doctor Mention.<\/li><\/ul><\/li><\/ul><hr \/><ul><li><strong>Author<\/strong>:\u00a0D\u00ba\u00a0Benjam\u00edn Alonso Fern\u00e1ndez.<ul><li><strong>Title<\/strong>:\u00a0<a href=\"http:\/\/laser.usal.es\/alf\/wp-content\/uploads\/2012\/11\/Thesis_Benjamin_Alonso_STARFISH_2012.pdf\">Spatiotemporal characterization of ultrashort laser pulses<\/a>.<\/li><li><b>Supervisors<\/b>: \u00a0\u00cd\u00f1igo Sola y Julio San Rom\u00e1n.<\/li><li><b>Oral examination date<\/b>:\u00a017th\u00a0December\u00a02012.<\/li><li><b>Award<\/b>:\u00a0Highest qualification awarded. European Doctor Mention. Honourable Mention of the Universidad de Salamanca.<\/li><\/ul><\/li><\/ul><hr \/><ul><li>\u00a0<strong>Author<\/strong>:\u00a0D\u00aa Carolina Romero V\u00e1zquez.<ul><li><strong>Title<\/strong>: <a href=\"https:\/\/gredos.usal.es\/handle\/10366\/115608\"><em>Optical Parametric Processes with Femtosecond Pulses in Nonlinear Crystals. Novel Schemes and Applications.<\/em><\/a><\/li><li><b>Supervisor<\/b>: \u00a0Javier Rodr\u00edguez V\u00e1zquez de Aldana.<\/li><li><b>Oral examination date<\/b>: 27th April\u00a02012.<\/li><li><b>Award<\/b>: Highest qualification awarded. European Doctor Mention. Honourable Mention of the Universidad de Salamanca.<\/li><\/ul><\/li><\/ul><hr \/><ul><li>\u00a0<\/li><\/ul><p>[\/vc_column_text][\/vc_column][\/vc_row]<\/p>\t\t\t\t\t\t\t\t<\/div>\n\t\t\t\t<\/div>\n\t\t\t\t\t<\/div>\n\t\t<\/div>\n\t\t\t\t\t<\/div>\n\t\t<\/section>\n\t\t\t\t<\/div>\n\t\t\n<div class=\"twitter-share\"><a href=\"https:\/\/twitter.com\/intent\/tweet?via=OpticaExtrema\" class=\"twitter-share-button\">Twittear<\/a><\/div>\n","protected":false},"excerpt":{"rendered":"<p>Doctoral theses presented and\/or directed by members of the group Information on the PhD thesis recently presented Author: D\u00aa Ana Garc\u00eda Cabrera Title: Efectos de las simetr\u00edas del cristal en la generaci\u00f3n de arm\u00f3nicos altos en grafeno Supervisor: D- Luis Plaja Rustein, D. Carlos Hern\u00e1ndez Garc\u00eda Oral examination date: 29th July 2024 Author: D\u00aa Alba<\/p>\n","protected":false},"author":1,"featured_media":0,"parent":2195,"menu_order":1,"comment_status":"open","ping_status":"closed","template":"","meta":{"footnotes":""},"class_list":["post-2176","page","type-page","status-publish","hentry"],"_links":{"self":[{"href":"https:\/\/laser.usal.es\/alf\/wp-json\/wp\/v2\/pages\/2176","targetHints":{"allow":["GET"]}}],"collection":[{"href":"https:\/\/laser.usal.es\/alf\/wp-json\/wp\/v2\/pages"}],"about":[{"href":"https:\/\/laser.usal.es\/alf\/wp-json\/wp\/v2\/types\/page"}],"author":[{"embeddable":true,"href":"https:\/\/laser.usal.es\/alf\/wp-json\/wp\/v2\/users\/1"}],"replies":[{"embeddable":true,"href":"https:\/\/laser.usal.es\/alf\/wp-json\/wp\/v2\/comments?post=2176"}],"version-history":[{"count":74,"href":"https:\/\/laser.usal.es\/alf\/wp-json\/wp\/v2\/pages\/2176\/revisions"}],"predecessor-version":[{"id":11251,"href":"https:\/\/laser.usal.es\/alf\/wp-json\/wp\/v2\/pages\/2176\/revisions\/11251"}],"up":[{"embeddable":true,"href":"https:\/\/laser.usal.es\/alf\/wp-json\/wp\/v2\/pages\/2195"}],"wp:attachment":[{"href":"https:\/\/laser.usal.es\/alf\/wp-json\/wp\/v2\/media?parent=2176"}],"curies":[{"name":"wp","href":"https:\/\/api.w.org\/{rel}","templated":true}]}}