{"id":7257,"date":"2023-11-29T16:33:25","date_gmt":"2023-11-29T15:33:25","guid":{"rendered":"https:\/\/laser.usal.es\/faslight\/?page_id=7257"},"modified":"2023-12-29T11:00:47","modified_gmt":"2023-12-29T10:00:47","slug":"quantum-atom-optics-group-uab","status":"publish","type":"page","link":"https:\/\/laser.usal.es\/faslight\/en\/quantum-atom-optics-group-uab\/","title":{"rendered":"Quantum Atom Optics group (UAB)"},"content":{"rendered":"\t\t<div data-elementor-type=\"wp-page\" data-elementor-id=\"7257\" class=\"elementor elementor-7257\">\n\t\t\t\t\t\t<section class=\"elementor-section elementor-top-section elementor-element elementor-element-2bba29b elementor-section-boxed elementor-section-height-default elementor-section-height-default\" data-id=\"2bba29b\" data-element_type=\"section\" data-e-type=\"section\">\n\t\t\t\t\t\t<div class=\"elementor-container elementor-column-gap-default\">\n\t\t\t\t\t<div class=\"elementor-column elementor-col-50 elementor-top-column elementor-element elementor-element-91fc068\" data-id=\"91fc068\" data-element_type=\"column\" data-e-type=\"column\">\n\t\t\t<div class=\"elementor-widget-wrap elementor-element-populated\">\n\t\t\t\t\t\t<div class=\"elementor-element elementor-element-f49002b elementor-widget elementor-widget-text-editor\" data-id=\"f49002b\" data-element_type=\"widget\" data-e-type=\"widget\" data-widget_type=\"text-editor.default\">\n\t\t\t\t<div class=\"elementor-widget-container\">\n\t\t\t\t\t\t\t\t\t<p style=\"text-align: justify;\"><strong><a href=\"https:\/\/webs.uab.cat\/qaos\/\">QAOS (Quantum Atom Optics)<\/a><\/strong> is, together with <strong><a href=\"https:\/\/webs.uab.cat\/mipoptilab\/\" target=\"_blank\" rel=\"noopener\">MIP (Metrology and image processing)<\/a><\/strong>, two of the research groups that are part of the Department of Physics of the <strong><a href=\"https:\/\/www.uab.cat\/\" target=\"_blank\" rel=\"noopener\">Autonomous University of Barcelona<\/a><\/strong>.<\/p>\n<p style=\"text-align: justify;\">One of the research lines of QAOS group (theory) is focused on the control of light propagation in systems of coupled optical waveguides. They explore the capability of light with OAM to induce phases in some coupling amplitudes, which are equivalent to a net \u03c0 flux through the plaquettes and, give rise to a topologically non-trivial band structure, topologically protected states and Aharanov-Bohm caging. They also employ discrete Supersymmetry to design a partner system with a modified geometry but sharing the same spectrum of eigenvalues except one, that it is eliminated. This technique allows to perform high efficient topological pumping and topological state engineering.\u00a0\u00a0<\/p>\t\t\t\t\t\t\t\t<\/div>\n\t\t\t\t<\/div>\n\t\t\t\t\t<\/div>\n\t\t<\/div>\n\t\t\t\t<div class=\"elementor-column elementor-col-50 elementor-top-column elementor-element elementor-element-b7b914e\" data-id=\"b7b914e\" data-element_type=\"column\" data-e-type=\"column\">\n\t\t\t<div class=\"elementor-widget-wrap elementor-element-populated\">\n\t\t\t\t\t\t<div class=\"elementor-element elementor-element-555bcb1 elementor-widget elementor-widget-image\" data-id=\"555bcb1\" data-element_type=\"widget\" data-e-type=\"widget\" data-widget_type=\"image.default\">\n\t\t\t\t<div class=\"elementor-widget-container\">\n\t\t\t\t\t\t\t\t\t\t\t\t<figure class=\"wp-caption\">\n\t\t\t\t\t\t\t\t\t\t<img fetchpriority=\"high\" decoding=\"async\" width=\"1024\" height=\"819\" src=\"https:\/\/laser.usal.es\/faslight\/wp-content\/uploads\/2023\/11\/edge-1-e1703843846380-1024x819.png\" class=\"attachment-large size-large wp-image-6884\" alt=\"\" srcset=\"https:\/\/laser.usal.es\/faslight\/wp-content\/uploads\/2023\/11\/edge-1-e1703843846380-1024x819.png 1024w, https:\/\/laser.usal.es\/faslight\/wp-content\/uploads\/2023\/11\/edge-1-e1703843846380-300x240.png 300w, https:\/\/laser.usal.es\/faslight\/wp-content\/uploads\/2023\/11\/edge-1-e1703843846380-768x614.png 768w, https:\/\/laser.usal.es\/faslight\/wp-content\/uploads\/2023\/11\/edge-1-e1703843846380-1536x1229.png 1536w, https:\/\/laser.usal.es\/faslight\/wp-content\/uploads\/2023\/11\/edge-1-e1703843846380-2048x1639.png 2048w\" sizes=\"(max-width: 1024px) 100vw, 1024px\" \/>\t\t\t\t\t\t\t\t\t\t\t<figcaption class=\"widget-image-caption wp-caption-text\">Edge state en un sistema topol\u00f3gico no herm\u00edtico simulado con un sistema discreto de anillos acoplados con ganancia y p\u00e9rdida (imagen cedida por Quantum Atom Optics group (QAOS))<\/figcaption>\n\t\t\t\t\t\t\t\t\t\t<\/figure>\n\t\t\t\t\t\t\t\t\t<\/div>\n\t\t\t\t<\/div>\n\t\t\t\t\t<\/div>\n\t\t<\/div>\n\t\t\t\t\t<\/div>\n\t\t<\/section>\n\t\t\t\t<section class=\"elementor-section elementor-top-section elementor-element elementor-element-a881d23 elementor-section-boxed elementor-section-height-default elementor-section-height-default\" data-id=\"a881d23\" data-element_type=\"section\" data-e-type=\"section\">\n\t\t\t\t\t\t<div class=\"elementor-container elementor-column-gap-default\">\n\t\t\t\t\t<div class=\"elementor-column elementor-col-100 elementor-top-column elementor-element elementor-element-90743fa\" data-id=\"90743fa\" data-element_type=\"column\" data-e-type=\"column\" data-settings=\"{&quot;background_background&quot;:&quot;classic&quot;}\">\n\t\t\t<div class=\"elementor-widget-wrap elementor-element-populated\">\n\t\t\t\t\t\t<div class=\"elementor-element elementor-element-ba8d245 elementor-widget elementor-widget-text-editor\" data-id=\"ba8d245\" data-element_type=\"widget\" data-e-type=\"widget\" data-widget_type=\"text-editor.default\">\n\t\t\t\t<div class=\"elementor-widget-container\">\n\t\t\t\t\t\t\t\t\t<h2 style=\"text-align: center;\"><span style=\"color: #000080;\"><span style=\"text-decoration: underline;\">Main publications and results<\/span><\/span><\/h2>\t\t\t\t\t\t\t\t<\/div>\n\t\t\t\t<\/div>\n\t\t\t\t\t<\/div>\n\t\t<\/div>\n\t\t\t\t\t<\/div>\n\t\t<\/section>\n\t\t\t\t<section class=\"elementor-section elementor-top-section elementor-element elementor-element-58f45a7 elementor-section-boxed elementor-section-height-default elementor-section-height-default\" data-id=\"58f45a7\" data-element_type=\"section\" data-e-type=\"section\">\n\t\t\t\t\t\t<div class=\"elementor-container elementor-column-gap-default\">\n\t\t\t\t\t<div class=\"elementor-column elementor-col-100 elementor-top-column elementor-element elementor-element-9dfce2f\" data-id=\"9dfce2f\" data-element_type=\"column\" data-e-type=\"column\">\n\t\t\t<div class=\"elementor-widget-wrap elementor-element-populated\">\n\t\t\t\t\t\t<div class=\"elementor-element elementor-element-64ae283 elementor-widget elementor-widget-text-editor\" data-id=\"64ae283\" data-element_type=\"widget\" data-e-type=\"widget\" data-widget_type=\"text-editor.default\">\n\t\t\t\t<div class=\"elementor-widget-container\">\n\t\t\t\t\t\t\t\t\t<p style=\"text-align: justify;\"><strong>QUANTUM AND ATOM OPTICS GROUP (QAOS)<\/strong><\/p>\n<p>a) luz con OAM<\/p>\n<ol style=\"text-align: justify;\">\n<li>A. Turpin, G. Pelegri, J. Polo, J. Mompart y V. Ahufinger. <em>Engineering of orbital angular momentum supermodes in coupled optical waveguides<\/em>. Scientific Reports <strong>7<\/strong>, 44057 (2017).<\/li>\n<li>C. J\u00f6rg, G. Queralt\u00f3, M. Kremer, G. Pelegr\u00ed, J. Schulz, A. Szameit, G. von Freymann, J. Mompart y V. Ahufinger. <em>Artificial gauge field switching using orbital angular momentum modes in optical waveguides<\/em>. Light: Science &amp; Applications <strong>9<\/strong>, 150 (2020).<\/li>\n<li>H. R. Hamedi, G. Zlabys, V. Ahufinger, Th. Halfmann, J. Mompart y G. Juzeliunas. <em>Spatially strongly confined atomic excitation via two dimensional stimulated Raman adiabatic passage<\/em>. Optics Express <strong>30<\/strong>, 13915-13930 (2022).<\/li>\n<\/ol>\n<p>b) Generaci\u00f3n de estados topol\u00f3gicos con luz (sistemas discretos de gu\u00edas de onda y la estructura es del sistema global, no corresponde a la definici\u00f3n usual de luz estructurada)<\/p>\n<ol style=\"text-align: justify;\">\n<li>G. Queralt\u00f3, M. Kremer, L. J. Maczewsky, M. Heinrich, J. Mompart, V. Ahufinger y A. Szameit. <em>Topological state engineering via supersymmetric transformations<\/em>. Communications Physics 3, 49 (2020).<\/li>\n<li>D. Viedma, G. Queralt\u00f3, J. Mompart y V. Ahufinger. <em>High Efficiency Topological Pumping with Discrete Supersymmetry Transformations<\/em>. Optics Express <strong>30<\/strong>, 23531 (2022).<\/li>\n<li>D. Viedma, J. Mompart y V. Ahufinger. <em>Mode pumping in photonic lattices using a single tailored auxiliary waveguide<\/em>. Physical Review A 107, 023506 (2023).<\/li>\n<li>David Viedma, Anselmo M. Marques, Ricardo G. Dias y Ver\u00f2nica Ahufinger. <em>Topological n-root Su-Schrieffer-Heeger model in a non-Hermitian photonic ring system<\/em>. arXiv:2307.16855.<\/li>\n<\/ol>\n<p style=\"text-align: justify;\"><strong>METROLOGY AND IMAGE PROCESSING GROUP<\/strong><\/p>\n<ol>\n<li style=\"text-align: justify;\">A. Turpin, Yu.V. Loiko, A. Peinado, A. Lizana, J. Campos, T. K. Kalkandjiev y J. Mompart. <em>Polarization tailored novel vector beams based on conical refraction<\/em>, Opt. Exp. <strong>23<\/strong>, 5704 (2015).<\/li>\n<li style=\"text-align: justify;\">X. Zheng, A. Lizana, A. Peinado, C. Ram\u00edrez, J.L. Mart\u00ednez, A. M\u00e1rquez, I. Moreno and J. Campos. <em>Compact LCOS-SLM based polarization pattern beam generator<\/em>, Journal of Lightwave Technology <strong>33<\/strong>, 2047 (2015).<\/li>\n<li style=\"text-align: justify;\">A. Turpin, A. Vargas, A. Lizana, F.A. Torres-Ruiz, I. Est\u00e9vez, I. Moreno, J. Campos y J. Mompart. <em>Transformation of vector beams with radial and azimuthal polarizations in biaxial crystals<\/em>, JOSA A <strong>32<\/strong>, 1012 (2015).<\/li>\n<li style=\"text-align: justify;\">A. Lizana, A. Vargas, A. Turpin, C. Ramirez, I. Estevez y J. Campos, <em>Shaping light with split lens configurations<\/em>, J. of Opt. <strong>18<\/strong>, 105605, (2016).<\/li>\n<li style=\"text-align: justify;\">A. Cofr\u00e9, A. Vargas, F.A. Torres-Ruiz, J. Campos, A. Lizana, M.M. S\u00e1nchez-L\u00f3pez y I. Moreno, <em>Dual polarization split lenses<\/em>, Optics Exp. <strong>25<\/strong>, 23773 (2017).<\/li>\n<li style=\"text-align: justify;\">A. Lizana, H. Zhang, A. Turpin, A. Van Eeckhout, F. A. Torres-Ruiz, A. Vargas, C. Ramirez, F. Pi, y J. Campos, <em>Generation of reconfigurable optical traps for microparticles spatial manipulation through dynamic split lens inspired light structures<\/em>, Scientific Reports <strong>8<\/strong>, 11263 (2018).<\/li>\n<li style=\"text-align: justify;\">G. L\u00f3pez-Morales, M.M. S\u00e1nchez-L\u00f3pez, A. Lizana, I. Moreno y J. Campos, <em>Mueller Matrix Polarimetric Imaging Analysis of Optical Components for the Generation of Cylindrical Vector Beams<\/em>, Crystals <strong>10<\/strong>, 1155, (2020).<\/li>\n<li style=\"text-align: justify;\">D. Marco, G. L\u00f3pez-Morales, M.M. S\u00e1nchez-L\u00f3pez, A. Lizana, I. Moreno y J. Campos, Customized depolarization spatial patterns with dynamic retardance functions, Scientific Reports <strong>11<\/strong>, 9415, (2021).<\/li>\n<\/ol>\t\t\t\t\t\t\t\t<\/div>\n\t\t\t\t<\/div>\n\t\t\t\t\t<\/div>\n\t\t<\/div>\n\t\t\t\t\t<\/div>\n\t\t<\/section>\n\t\t\t\t<section class=\"elementor-section elementor-top-section elementor-element elementor-element-78b791a elementor-section-boxed elementor-section-height-default elementor-section-height-default\" data-id=\"78b791a\" data-element_type=\"section\" data-e-type=\"section\">\n\t\t\t\t\t\t<div class=\"elementor-container elementor-column-gap-default\">\n\t\t\t\t\t<div class=\"elementor-column elementor-col-100 elementor-top-column elementor-element elementor-element-dc8c436\" data-id=\"dc8c436\" data-element_type=\"column\" data-e-type=\"column\" data-settings=\"{&quot;background_background&quot;:&quot;classic&quot;}\">\n\t\t\t<div class=\"elementor-widget-wrap elementor-element-populated\">\n\t\t\t\t\t\t<div class=\"elementor-element elementor-element-bee97e3 elementor-widget elementor-widget-text-editor\" data-id=\"bee97e3\" data-element_type=\"widget\" data-e-type=\"widget\" data-widget_type=\"text-editor.default\">\n\t\t\t\t<div class=\"elementor-widget-container\">\n\t\t\t\t\t\t\t\t\t<h2 style=\"text-align: center;\"><span style=\"color: #000080;\"><span style=\"text-decoration: underline;\">Contact info<\/span><\/span><\/h2>\t\t\t\t\t\t\t\t<\/div>\n\t\t\t\t<\/div>\n\t\t\t\t\t<\/div>\n\t\t<\/div>\n\t\t\t\t\t<\/div>\n\t\t<\/section>\n\t\t\t\t<section class=\"elementor-section elementor-top-section elementor-element elementor-element-bb8dad0 elementor-section-boxed elementor-section-height-default elementor-section-height-default\" data-id=\"bb8dad0\" data-element_type=\"section\" data-e-type=\"section\">\n\t\t\t\t\t\t<div class=\"elementor-container elementor-column-gap-default\">\n\t\t\t\t\t<div class=\"elementor-column elementor-col-50 elementor-top-column elementor-element elementor-element-e84efa8\" data-id=\"e84efa8\" data-element_type=\"column\" data-e-type=\"column\">\n\t\t\t<div class=\"elementor-widget-wrap elementor-element-populated\">\n\t\t\t\t\t\t<div class=\"elementor-element elementor-element-e0ef2bd elementor-widget elementor-widget-text-editor\" data-id=\"e0ef2bd\" data-element_type=\"widget\" data-e-type=\"widget\" data-widget_type=\"text-editor.default\">\n\t\t\t\t<div class=\"elementor-widget-container\">\n\t\t\t\t\t\t\t\t\t<p><strong>Representative of the node in the network:\u00a0<\/strong><\/p>\n<p style=\"padding-left: 40px;\">Ver\u00f2nica Ahufinger (Veronica.Ahufinger@uab.cat)<\/p>\n<p><strong>Node webpage:<\/strong> <a href=\"https:\/\/webs.uab.cat\/qaos\/\">https:\/\/webs.uab.cat\/qaos\/<\/a><\/p>\t\t\t\t\t\t\t\t<\/div>\n\t\t\t\t<\/div>\n\t\t\t\t\t<\/div>\n\t\t<\/div>\n\t\t\t\t<div class=\"elementor-column elementor-col-50 elementor-top-column elementor-element elementor-element-9c12f19\" data-id=\"9c12f19\" data-element_type=\"column\" data-e-type=\"column\">\n\t\t\t<div class=\"elementor-widget-wrap elementor-element-populated\">\n\t\t\t\t\t\t<div class=\"elementor-element elementor-element-87cf451 elementor-widget elementor-widget-google_maps\" data-id=\"87cf451\" data-element_type=\"widget\" data-e-type=\"widget\" data-widget_type=\"google_maps.default\">\n\t\t\t\t<div class=\"elementor-widget-container\">\n\t\t\t\t\t\t\t<div class=\"elementor-custom-embed\">\n\t\t\t<iframe loading=\"lazy\"\n\t\t\t\t\tsrc=\"https:\/\/maps.google.com\/maps?q=Departamento%20de%20F%C3%ADsica%20UAB%2C%20Carretera%20de%20Bellaterra%20a%20l%27Aut%C3%B2noma%2C%2008193%20Cerdanyola%20del%20Vall%C3%A8s%2C%20Barcelona&#038;t=m&#038;z=10&#038;output=embed&#038;iwloc=near\"\n\t\t\t\t\ttitle=\"Departamento de F\u00edsica UAB, Carretera de Bellaterra a l&#039;Aut\u00f2noma, 08193 Cerdanyola del Vall\u00e8s, Barcelona\"\n\t\t\t\t\taria-label=\"Departamento de F\u00edsica UAB, Carretera de Bellaterra a l&#039;Aut\u00f2noma, 08193 Cerdanyola del Vall\u00e8s, Barcelona\"\n\t\t\t><\/iframe>\n\t\t<\/div>\n\t\t\t\t\t\t<\/div>\n\t\t\t\t<\/div>\n\t\t\t\t\t<\/div>\n\t\t<\/div>\n\t\t\t\t\t<\/div>\n\t\t<\/section>\n\t\t\t\t<section class=\"elementor-section elementor-top-section elementor-element elementor-element-1a73863 elementor-section-boxed elementor-section-height-default elementor-section-height-default\" data-id=\"1a73863\" data-element_type=\"section\" data-e-type=\"section\">\n\t\t\t\t\t\t<div class=\"elementor-container elementor-column-gap-default\">\n\t\t\t\t\t<div class=\"elementor-column elementor-col-33 elementor-top-column elementor-element elementor-element-cec4552\" data-id=\"cec4552\" data-element_type=\"column\" data-e-type=\"column\">\n\t\t\t<div class=\"elementor-widget-wrap elementor-element-populated\">\n\t\t\t\t\t\t<div class=\"elementor-element elementor-element-19cdde4 elementor-widget__width-initial elementor-widget elementor-widget-image\" data-id=\"19cdde4\" data-element_type=\"widget\" data-e-type=\"widget\" data-widget_type=\"image.default\">\n\t\t\t\t<div class=\"elementor-widget-container\">\n\t\t\t\t\t\t\t\t\t\t\t\t\t\t\t<img decoding=\"async\" width=\"300\" height=\"199\" data-src=\"https:\/\/laser.usal.es\/faslight\/wp-content\/uploads\/2023\/12\/qaos-300x199.png\" class=\"attachment-medium size-medium wp-image-7342 lazyload\" alt=\"\" data-srcset=\"https:\/\/laser.usal.es\/faslight\/wp-content\/uploads\/2023\/12\/qaos-300x199.png 300w, https:\/\/laser.usal.es\/faslight\/wp-content\/uploads\/2023\/12\/qaos.png 566w\" data-sizes=\"(max-width: 300px) 100vw, 300px\" src=\"data:image\/svg+xml;base64,PHN2ZyB3aWR0aD0iMSIgaGVpZ2h0PSIxIiB4bWxucz0iaHR0cDovL3d3dy53My5vcmcvMjAwMC9zdmciPjwvc3ZnPg==\" style=\"--smush-placeholder-width: 300px; --smush-placeholder-aspect-ratio: 300\/199;\" \/>\t\t\t\t\t\t\t\t\t\t\t\t\t\t\t<\/div>\n\t\t\t\t<\/div>\n\t\t\t\t\t<\/div>\n\t\t<\/div>\n\t\t\t\t<div class=\"elementor-column elementor-col-33 elementor-top-column elementor-element elementor-element-76ee9d8\" data-id=\"76ee9d8\" data-element_type=\"column\" data-e-type=\"column\">\n\t\t\t<div class=\"elementor-widget-wrap elementor-element-populated\">\n\t\t\t\t\t\t<div class=\"elementor-element elementor-element-4e85135 elementor-widget elementor-widget-image\" data-id=\"4e85135\" data-element_type=\"widget\" data-e-type=\"widget\" data-widget_type=\"image.default\">\n\t\t\t\t<div class=\"elementor-widget-container\">\n\t\t\t\t\t\t\t\t\t\t\t\t\t\t\t<img decoding=\"async\" width=\"224\" height=\"90\" data-src=\"https:\/\/laser.usal.es\/faslight\/wp-content\/uploads\/2023\/12\/MIP.png\" class=\"attachment-large size-large wp-image-7344 lazyload\" alt=\"\" src=\"data:image\/svg+xml;base64,PHN2ZyB3aWR0aD0iMSIgaGVpZ2h0PSIxIiB4bWxucz0iaHR0cDovL3d3dy53My5vcmcvMjAwMC9zdmciPjwvc3ZnPg==\" style=\"--smush-placeholder-width: 224px; --smush-placeholder-aspect-ratio: 224\/90;\" \/>\t\t\t\t\t\t\t\t\t\t\t\t\t\t\t<\/div>\n\t\t\t\t<\/div>\n\t\t\t\t\t<\/div>\n\t\t<\/div>\n\t\t\t\t<div class=\"elementor-column elementor-col-33 elementor-top-column elementor-element elementor-element-e55eceb\" data-id=\"e55eceb\" data-element_type=\"column\" data-e-type=\"column\">\n\t\t\t<div class=\"elementor-widget-wrap elementor-element-populated\">\n\t\t\t\t\t\t<div class=\"elementor-element elementor-element-24c5b45 elementor-widget__width-initial elementor-widget elementor-widget-image\" data-id=\"24c5b45\" data-element_type=\"widget\" data-e-type=\"widget\" data-widget_type=\"image.default\">\n\t\t\t\t<div class=\"elementor-widget-container\">\n\t\t\t\t\t\t\t\t\t\t\t\t\t\t\t<img decoding=\"async\" width=\"1024\" height=\"384\" data-src=\"https:\/\/laser.usal.es\/faslight\/wp-content\/uploads\/2023\/12\/uab-1024x384.png\" class=\"attachment-large size-large wp-image-7343 lazyload\" alt=\"\" data-srcset=\"https:\/\/laser.usal.es\/faslight\/wp-content\/uploads\/2023\/12\/uab-1024x384.png 1024w, https:\/\/laser.usal.es\/faslight\/wp-content\/uploads\/2023\/12\/uab-300x113.png 300w, https:\/\/laser.usal.es\/faslight\/wp-content\/uploads\/2023\/12\/uab-768x288.png 768w, https:\/\/laser.usal.es\/faslight\/wp-content\/uploads\/2023\/12\/uab-1536x577.png 1536w, https:\/\/laser.usal.es\/faslight\/wp-content\/uploads\/2023\/12\/uab.png 1881w\" data-sizes=\"(max-width: 1024px) 100vw, 1024px\" src=\"data:image\/svg+xml;base64,PHN2ZyB3aWR0aD0iMSIgaGVpZ2h0PSIxIiB4bWxucz0iaHR0cDovL3d3dy53My5vcmcvMjAwMC9zdmciPjwvc3ZnPg==\" style=\"--smush-placeholder-width: 1024px; --smush-placeholder-aspect-ratio: 1024\/384;\" \/>\t\t\t\t\t\t\t\t\t\t\t\t\t\t\t<\/div>\n\t\t\t\t<\/div>\n\t\t\t\t\t<\/div>\n\t\t<\/div>\n\t\t\t\t\t<\/div>\n\t\t<\/section>\n\t\t\t\t<\/div>\n\t\t","protected":false},"excerpt":{"rendered":"<p>QAOS (Quantum Atom Optics) is, together with MIP (Metrology and image processing), two of the research groups that are part of the Department of Physics of the Autonomous University of Barcelona. One of the research lines of QAOS group (theory) is focused on the control of light propagation in systems of coupled optical waveguides. They<\/p>\n","protected":false},"author":2,"featured_media":0,"parent":0,"menu_order":0,"comment_status":"closed","ping_status":"closed","template":"elementor_theme","meta":{"_monsterinsights_skip_tracking":false,"_monsterinsights_sitenote_active":false,"_monsterinsights_sitenote_note":"","_monsterinsights_sitenote_category":0,"footnotes":""},"class_list":["post-7257","page","type-page","status-publish","hentry"],"_links":{"self":[{"href":"https:\/\/laser.usal.es\/faslight\/wp-json\/wp\/v2\/pages\/7257","targetHints":{"allow":["GET"]}}],"collection":[{"href":"https:\/\/laser.usal.es\/faslight\/wp-json\/wp\/v2\/pages"}],"about":[{"href":"https:\/\/laser.usal.es\/faslight\/wp-json\/wp\/v2\/types\/page"}],"author":[{"embeddable":true,"href":"https:\/\/laser.usal.es\/faslight\/wp-json\/wp\/v2\/users\/2"}],"replies":[{"embeddable":true,"href":"https:\/\/laser.usal.es\/faslight\/wp-json\/wp\/v2\/comments?post=7257"}],"version-history":[{"count":19,"href":"https:\/\/laser.usal.es\/faslight\/wp-json\/wp\/v2\/pages\/7257\/revisions"}],"predecessor-version":[{"id":7363,"href":"https:\/\/laser.usal.es\/faslight\/wp-json\/wp\/v2\/pages\/7257\/revisions\/7363"}],"wp:attachment":[{"href":"https:\/\/laser.usal.es\/faslight\/wp-json\/wp\/v2\/media?parent=7257"}],"curies":[{"name":"wp","href":"https:\/\/api.w.org\/{rel}","templated":true}]}}