{"id":5986,"date":"2022-01-12T21:22:50","date_gmt":"2022-01-12T20:22:50","guid":{"rendered":"https:\/\/laser.usal.es\/osal\/?page_id=5986"},"modified":"2022-02-07T11:01:46","modified_gmt":"2022-02-07T10:01:46","slug":"secundaria","status":"publish","type":"page","link":"https:\/\/laser.usal.es\/osal\/es\/actividades\/secundaria\/","title":{"rendered":"Educaci\u00f3n Secundaria"},"content":{"rendered":"\t\t<div data-elementor-type=\"wp-page\" data-elementor-id=\"5986\" class=\"elementor elementor-5986\">\n\t\t\t\t\t\t<section class=\"elementor-section elementor-top-section elementor-element elementor-element-1a67e8c elementor-section-boxed elementor-section-height-default elementor-section-height-default\" data-id=\"1a67e8c\" data-element_type=\"section\" data-e-type=\"section\">\n\t\t\t\t\t\t<div class=\"elementor-container elementor-column-gap-default\">\n\t\t\t\t\t<div class=\"elementor-column elementor-col-100 elementor-top-column elementor-element elementor-element-bc31896\" data-id=\"bc31896\" data-element_type=\"column\" data-e-type=\"column\">\n\t\t\t<div class=\"elementor-widget-wrap elementor-element-populated\">\n\t\t\t\t\t\t<div class=\"elementor-element elementor-element-57f644a elementor-widget elementor-widget-eael-image-accordion\" data-id=\"57f644a\" data-element_type=\"widget\" data-e-type=\"widget\" data-widget_type=\"eael-image-accordion.default\">\n\t\t\t\t<div class=\"elementor-widget-container\">\n\t\t\t\t\t    <div class=\"eael-img-accordion accordion-direction-horizontal eael-img-accordion-horizontal-align-center eael-img-accordion-vertical-align-center\" id=\"eael-img-accordion-57f644a\" data-img-accordion-id=\"57f644a\" data-img-accordion-type=\"on-hover\">\n                    \n            <div class=\"eael-image-accordion-hover eael-image-accordion-item lazyload\" style=\"background-image:inherit;\"  tabindex=\"0\" data-bg-image=\"url(https:\/\/laser.usal.es\/osal\/wp-content\/uploads\/2022\/01\/DSC_0315-1-scaled.jpg)\">\n                <div class=\"overlay\">\n                                        <div class=\"overlay-inner \">\n                                            <\/div>\n                <\/div>\n            <\/div>\n                    \n            <div class=\"eael-image-accordion-hover eael-image-accordion-item lazyload\" style=\"background-image:inherit;\"  tabindex=\"0\" data-bg-image=\"url(https:\/\/laser.usal.es\/osal\/wp-content\/uploads\/2022\/02\/04022022-P1010132-scaled.jpg)\">\n                <div class=\"overlay\">\n                                        <div class=\"overlay-inner \">\n                                            <\/div>\n                <\/div>\n            <\/div>\n                    \n            <div class=\"eael-image-accordion-hover eael-image-accordion-item lazyload\" style=\"background-image:inherit;\"  tabindex=\"0\" data-bg-image=\"url(https:\/\/laser.usal.es\/osal\/wp-content\/uploads\/2022\/02\/21012022-P1010010-scaled.jpg)\">\n                <div class=\"overlay\">\n                                        <div class=\"overlay-inner \">\n                                            <\/div>\n                <\/div>\n            <\/div>\n                    \n            <div class=\"eael-image-accordion-hover eael-image-accordion-item lazyload\" style=\"background-image:inherit;\"  tabindex=\"0\" data-bg-image=\"url(https:\/\/laser.usal.es\/osal\/wp-content\/uploads\/2022\/02\/04022022-P1010195-scaled.jpg)\">\n                <div class=\"overlay\">\n                                        <div class=\"overlay-inner \">\n                                            <\/div>\n                <\/div>\n            <\/div>\n                <\/div>\n        <style typr=\"text\/css\">\n                    #eael-img-accordion-57f644a .eael-image-accordion-hover:hover {\n                        flex: 3 1 0% !important;\n                    }\n                    #eael-img-accordion-57f644a .eael-image-accordion-hover:hover:hover .overlay-inner * {\n                        opacity: 1;\n                        visibility: visible;\n                        transform: none;\n                        transition: all .3s .3s;\n                    }\n                <\/style>\t\t\t\t<\/div>\n\t\t\t\t<\/div>\n\t\t\t\t\t<\/div>\n\t\t<\/div>\n\t\t\t\t\t<\/div>\n\t\t<\/section>\n\t\t\t\t<section class=\"elementor-section elementor-top-section elementor-element elementor-element-ac2490f elementor-section-boxed elementor-section-height-default elementor-section-height-default\" data-id=\"ac2490f\" data-element_type=\"section\" data-e-type=\"section\">\n\t\t\t\t\t\t<div class=\"elementor-container elementor-column-gap-default\">\n\t\t\t\t\t<div class=\"elementor-column elementor-col-100 elementor-top-column elementor-element elementor-element-4d6f8fe\" data-id=\"4d6f8fe\" data-element_type=\"column\" data-e-type=\"column\">\n\t\t\t<div class=\"elementor-widget-wrap elementor-element-populated\">\n\t\t\t\t\t\t<div class=\"elementor-element elementor-element-f3c4db3 elementor-widget elementor-widget-text-editor\" data-id=\"f3c4db3\" data-element_type=\"widget\" data-e-type=\"widget\" data-widget_type=\"text-editor.default\">\n\t\t\t\t<div class=\"elementor-widget-container\">\n\t\t\t\t\t\t\t\t\t<p><b>Durante todo el a\u00f1o, realizamos actividades para estudiantes de ESO y Bachillerato en las que introducimos la \u00d3ptica como una rama apasionante de la F\u00edsica.<\/b><span style=\"font-weight: 400;\"> La luz est\u00e1 en todas partes a nuestro alrededor, y por ello queremos dar a conocer qu\u00e9 es la luz, cu\u00e1les son sus propiedades, qu\u00e9 fen\u00f3menos ocurren cuando interacciona con la materia y qu\u00e9 aplicaciones tiene en la tecnolog\u00eda m\u00e1s cotidiana. <\/span><b>El objetivo es captar la atenci\u00f3n de los j\u00f3venes con experimentos sorprendentes, para explicar fen\u00f3menos \u00f3pticos que ocurren en nuestro d\u00eda a d\u00eda.<\/b><span style=\"font-weight: 400;\"> Los experimentos abarcan campos diversos como el color, la reflexi\u00f3n y la refracci\u00f3n, la formaci\u00f3n de imagen, la fluorescencia y fosforescencia, la holograf\u00eda o la polarizaci\u00f3n. <\/span><b>La actividad es realizada por estudiantes de F\u00edsica de los \u00faltimos cursos de grado, m\u00e1ster y doctorado, miembros de nuestra asociaci\u00f3n<\/b><span style=\"font-weight: 400;\">.\u00a0<\/span><\/p><p><span style=\"font-weight: 400;\">La actividad se puede organizar en dos modalidades diferentes:<\/span><\/p><h3><b>Modalidad A: Visita al laboratorio de \u00d3ptica de la Universidad de Salamanca<\/b><\/h3><p><b>Lugar<\/b>:<span style=\"font-weight: 400;\">\u00a0Laboratorio de pr\u00e1cticas de \u00d3ptica de la USAL (Edificio Triling\u00fce de la Facultad de Ciencias, Pl. La Merced sn, 37008, Salamanca)<\/span><\/p><p><span style=\"font-weight: 400;\"><strong>Duraci\u00f3n aproximada de toda la actividad<\/strong>: 1.5 &#8211; 2 horas<\/span><\/p><p><span style=\"text-decoration: underline;\"><strong>En esta modalidad el n\u00famero m\u00e1ximo de alumnos\/as que pueden participar en cada visita es de 25.<\/strong><\/span><\/p><p><span style=\"font-weight: 400;\">Realizamos una charla introductoria de unos 20-30 minutos de duraci\u00f3n para explicar los conceptos fundamentales detr\u00e1s de los experimentos que se har\u00e1n a continuaci\u00f3n en el laboratorio, con el fin de facilitar una comprensi\u00f3n m\u00e1s profunda.\u00a0<\/span><\/p><p><span style=\"font-weight: 400;\">En la segunda parte de la actividad (en torno a unos 30-50 minutos), se exhiben los experimentos en grupos reducidos de unos 3-6 estudiantes (en funci\u00f3n de la disponibilidad) que van rotando por distintos puestos en el laboratorio de pr\u00e1cticas de \u00d3ptica de la USAL.<\/span><\/p><p><span style=\"font-weight: 400;\">En los meses de septiembre, octubre, noviembre, diciembre y enero, en colaboraci\u00f3n con la fundaci\u00f3n <\/span><i><span style=\"font-weight: 400;\">Salamanca Ciudad de Saberes<\/span><\/i><span style=\"font-weight: 400;\">, tenemos un programa de visitas para los institutos de Salamanca, manteniendo al menos una visita por semana. En cualquier caso, tambi\u00e9n es posible solicitar esta actividad con el formulario de contacto que se encuentra al final de esta p\u00e1gina.\u00a0<\/span><\/p><h3><b>Modalidad B: Actividad divulgativa en el centro educativo<\/b><\/h3><p><span style=\"font-weight: 400;\"><strong>Lugar<\/strong>: Centro educativo que solicita la actividad<\/span><\/p><p><span style=\"font-weight: 400;\"><strong>Duraci\u00f3n aproximada de toda la actividad<\/strong>: 1-1.5 horas<\/span><\/p><p><span style=\"font-weight: 400;\">Nos desplazamos hasta el centro educativo para realizar la actividad de divulgaci\u00f3n cient\u00edfica. La actividad requiere el traslado de algunos miembros de la asociaci\u00f3n, de 2 a 5 dependiendo de la disponibilidad, y del material necesario para los experimentos. En este caso, la tem\u00e1tica puede estar m\u00e1s abierta a los intereses del centro, y abarcar una divulgaci\u00f3n m\u00e1s general de la F\u00edsica o de visibilidad de mujeres cient\u00edficas, por ejemplo.\u00a0<\/span><\/p><p><span style=\"font-weight: 400;\">La actividad divulgativa en la que tenemos m\u00e1s experiencia es un formato de charla con experimentos impactantes para descubrir la luz. Para poder explotar todo el poder visual de algunos experimentos, es necesario estar en condiciones de penumbra o baja luminosidad. La actividad se puede realizar en un aula o en un auditorio (para un mayor n\u00famero de asistentes) con capacidad para proyectar una presentaci\u00f3n de diapositivas.\u00a0<\/span><\/p><p><span style=\"font-weight: 400;\">En el caso de que el n\u00famero m\u00e1ximo de estudiantes no exceda de 30, se podr\u00eda estudiar la posibilidad de desarrollar un formato m\u00e1s interactivo para los experimentos, haciendo grupos reducidos de 4-6 estudiantes en un aula grande o varias aulas peque\u00f1as.\u00a0<\/span><\/p><h2><strong>Formulario de solicitud de la actividad\u00a0 de Secundaria<\/strong><\/h2><p><span style=\"font-weight: 400;\">Rellena el siguiente formulario para solicitar una charla y nosotros nos pondremos en contacto. Cuantas m\u00e1s amplias sean las posibilidades de las fechas propuestas (por ejemplo, horario de ma\u00f1ana y de tarde, distintos d\u00edas de la semana, distintos meses, etc.), habr\u00e1 m\u00e1s opciones de que se pueda llevar a cabo la actividad. Nuestra disponibilidad est\u00e1 condicionada por la disponibilidad del Laboratorio de \u00d3ptica (en la modalidad A) o las opciones de transporte (en la modalidad B), as\u00ed como por la disponibilidad de nuestros socios voluntarios, que tienen que compatibilizarlo con sus estudios en la USAL.<\/span><\/p>\t\t\t\t\t\t\t\t<\/div>\n\t\t\t\t<\/div>\n\t\t\t\t\t<\/div>\n\t\t<\/div>\n\t\t\t\t\t<\/div>\n\t\t<\/section>\n\t\t\t\t<section class=\"elementor-section elementor-top-section elementor-element elementor-element-cdf61b5 elementor-section-boxed elementor-section-height-default elementor-section-height-default\" data-id=\"cdf61b5\" data-element_type=\"section\" data-e-type=\"section\">\n\t\t\t\t\t\t<div class=\"elementor-container elementor-column-gap-default\">\n\t\t\t\t\t<div class=\"elementor-column elementor-col-100 elementor-top-column elementor-element elementor-element-4e085bb\" data-id=\"4e085bb\" data-element_type=\"column\" data-e-type=\"column\">\n\t\t\t<div class=\"elementor-widget-wrap elementor-element-populated\">\n\t\t\t\t\t\t<div class=\"elementor-element elementor-element-0828ede elementor-widget elementor-widget-heading\" data-id=\"0828ede\" data-element_type=\"widget\" data-e-type=\"widget\" data-widget_type=\"heading.default\">\n\t\t\t\t<div class=\"elementor-widget-container\">\n\t\t\t\t\t<h2 class=\"elementor-heading-title elementor-size-default\">Solicitar actividad<\/h2>\t\t\t\t<\/div>\n\t\t\t\t<\/div>\n\t\t\t\t<div class=\"elementor-element elementor-element-f20327c elementor-widget elementor-widget-shortcode\" data-id=\"f20327c\" data-element_type=\"widget\" data-e-type=\"widget\" data-widget_type=\"shortcode.default\">\n\t\t\t\t<div class=\"elementor-widget-container\">\n\t\t\t\t\t\t\t<div class=\"elementor-shortcode\">\n<div class=\"wpcf7 no-js\" id=\"wpcf7-f6208-o1\" lang=\"es-ES\" dir=\"ltr\" data-wpcf7-id=\"6208\">\n<div class=\"screen-reader-response\"><p role=\"status\" aria-live=\"polite\" aria-atomic=\"true\"><\/p> <ul><\/ul><\/div>\n<form action=\"\/osal\/wp-json\/wp\/v2\/pages\/5986#wpcf7-f6208-o1\" method=\"post\" class=\"wpcf7-form init\" aria-label=\"Formulario de contacto\" novalidate=\"novalidate\" data-status=\"init\">\n<fieldset class=\"hidden-fields-container\"><input type=\"hidden\" name=\"_wpcf7\" value=\"6208\" \/><input type=\"hidden\" name=\"_wpcf7_version\" value=\"6.1.5\" \/><input type=\"hidden\" name=\"_wpcf7_locale\" value=\"es_ES\" \/><input type=\"hidden\" name=\"_wpcf7_unit_tag\" value=\"wpcf7-f6208-o1\" \/><input type=\"hidden\" name=\"_wpcf7_container_post\" value=\"0\" \/><input type=\"hidden\" name=\"_wpcf7_posted_data_hash\" value=\"\" \/>\n<\/fieldset>\n<p><label> Tu nombre completo<br \/>\n<span class=\"wpcf7-form-control-wrap\" data-name=\"your-name\"><input size=\"40\" maxlength=\"400\" class=\"wpcf7-form-control wpcf7-text wpcf7-validates-as-required\" aria-required=\"true\" aria-invalid=\"false\" value=\"\" type=\"text\" name=\"your-name\" \/><\/span> <\/label>\n<\/p>\n<p><label> Tu correo electr\u00f3nico<br \/>\n<span class=\"wpcf7-form-control-wrap\" data-name=\"your-email\"><input size=\"40\" maxlength=\"400\" class=\"wpcf7-form-control wpcf7-email wpcf7-validates-as-required wpcf7-text wpcf7-validates-as-email\" aria-required=\"true\" aria-invalid=\"false\" value=\"\" type=\"email\" name=\"your-email\" \/><\/span> <\/label>\n<\/p>\n<p><label> Centro educativo<br \/>\n<span class=\"wpcf7-form-control-wrap\" data-name=\"your-institution\"><input size=\"40\" maxlength=\"400\" class=\"wpcf7-form-control wpcf7-text wpcf7-validates-as-required\" aria-required=\"true\" aria-invalid=\"false\" value=\"\" type=\"text\" name=\"your-institution\" \/><\/span> <\/label>\n<\/p>\n<p><label> Direcci\u00f3n postal del centro<br \/>\n<span class=\"wpcf7-form-control-wrap\" data-name=\"your-address\"><input size=\"40\" maxlength=\"400\" class=\"wpcf7-form-control wpcf7-text wpcf7-validates-as-required\" aria-required=\"true\" aria-invalid=\"false\" value=\"\" type=\"text\" name=\"your-address\" \/><\/span> <\/label>\n<\/p>\n<p><label> Poblaci\u00f3n<br \/>\n<span class=\"wpcf7-form-control-wrap\" data-name=\"your-town\"><input size=\"40\" maxlength=\"400\" class=\"wpcf7-form-control wpcf7-text wpcf7-validates-as-required\" aria-required=\"true\" aria-invalid=\"false\" value=\"\" type=\"text\" name=\"your-town\" \/><\/span> <\/label>\n<\/p>\n<p><label> Tel\u00e9fono del centro<br \/>\n<span class=\"wpcf7-form-control-wrap\" data-name=\"tel-phone\"><input size=\"40\" maxlength=\"400\" class=\"wpcf7-form-control wpcf7-tel wpcf7-validates-as-required wpcf7-text wpcf7-validates-as-tel\" aria-required=\"true\" aria-invalid=\"false\" value=\"\" type=\"tel\" name=\"tel-phone\" \/><\/span> <\/label>\n<\/p>\n<p><label> Modalidad de la actividad <\/label><br \/>\n<span class=\"wpcf7-form-control-wrap\" data-name=\"checkbox-906\"><span class=\"wpcf7-form-control wpcf7-checkbox wpcf7-exclusive-checkbox\"><span class=\"wpcf7-list-item first\"><input type=\"checkbox\" name=\"checkbox-906\" value=\"Modalidad A\" \/><span class=\"wpcf7-list-item-label\">Modalidad A<\/span><\/span><span class=\"wpcf7-list-item last\"><input type=\"checkbox\" name=\"checkbox-906\" value=\"Modalidad B\" \/><span class=\"wpcf7-list-item-label\">Modalidad B<\/span><\/span><\/span><\/span>\n<\/p>\n<p><label> Fechas propuestas<br \/>\n<span class=\"wpcf7-form-control-wrap\" data-name=\"textarea-date\"><textarea cols=\"40\" rows=\"10\" maxlength=\"2000\" class=\"wpcf7-form-control wpcf7-textarea wpcf7-validates-as-required\" aria-required=\"true\" aria-invalid=\"false\" name=\"textarea-date\"><\/textarea><\/span><\/label>\n<\/p>\n<p><label> Nivel educativo<br \/>\n<span class=\"wpcf7-form-control-wrap\" data-name=\"your-level\"><input size=\"40\" maxlength=\"400\" class=\"wpcf7-form-control wpcf7-text wpcf7-validates-as-required\" aria-required=\"true\" aria-invalid=\"false\" value=\"\" type=\"text\" name=\"your-level\" \/><\/span> <\/label>\n<\/p>\n<p><label> N\u00famero de estudiantes<br \/>\n<span class=\"wpcf7-form-control-wrap\" data-name=\"number-students\"><input class=\"wpcf7-form-control wpcf7-number wpcf7-validates-as-required wpcf7-validates-as-number\" min=\"0\" max=\"30\" aria-required=\"true\" aria-invalid=\"false\" value=\"\" type=\"number\" name=\"number-students\" \/><\/span> <\/label>\n<\/p>\n<p><label> Informaci\u00f3n adicional<br \/>\n<span class=\"wpcf7-form-control-wrap\" data-name=\"textarea-info\"><textarea cols=\"40\" rows=\"10\" maxlength=\"2000\" class=\"wpcf7-form-control wpcf7-textarea\" aria-invalid=\"false\" name=\"textarea-info\"><\/textarea><\/span> <\/label>\n<\/p>\n<p><input class=\"wpcf7-form-control wpcf7-submit has-spinner\" type=\"submit\" value=\"Enviar\" \/>\n<\/p><div class=\"wpcf7-response-output\" aria-hidden=\"true\"><\/div>\n<\/form>\n<\/div>\n<\/div>\n\t\t\t\t\t\t<\/div>\n\t\t\t\t<\/div>\n\t\t\t\t\t<\/div>\n\t\t<\/div>\n\t\t\t\t\t<\/div>\n\t\t<\/section>\n\t\t\t\t<\/div>\n\t\t\n<div class=\"twitter-share\"><a href=\"https:\/\/twitter.com\/intent\/tweet?via=OsalChapter\" class=\"twitter-share-button\">Twittear<\/a><\/div>\n","protected":false},"excerpt":{"rendered":"<p>Durante todo el a\u00f1o, realizamos actividades para estudiantes de ESO y Bachillerato en las que introducimos la \u00d3ptica como una rama apasionante de la F\u00edsica. La luz est\u00e1 en todas partes a nuestro alrededor, y por ello queremos dar a conocer qu\u00e9 es la luz, cu\u00e1les son sus propiedades, qu\u00e9 fen\u00f3menos ocurren cuando interacciona con<\/p>\n","protected":false},"author":1,"featured_media":0,"parent":5886,"menu_order":0,"comment_status":"closed","ping_status":"closed","template":"","meta":{"_monsterinsights_skip_tracking":false,"_monsterinsights_sitenote_active":false,"_monsterinsights_sitenote_note":"","_monsterinsights_sitenote_category":0,"footnotes":""},"class_list":["post-5986","page","type-page","status-publish","hentry"],"_links":{"self":[{"href":"https:\/\/laser.usal.es\/osal\/wp-json\/wp\/v2\/pages\/5986","targetHints":{"allow":["GET"]}}],"collection":[{"href":"https:\/\/laser.usal.es\/osal\/wp-json\/wp\/v2\/pages"}],"about":[{"href":"https:\/\/laser.usal.es\/osal\/wp-json\/wp\/v2\/types\/page"}],"author":[{"embeddable":true,"href":"https:\/\/laser.usal.es\/osal\/wp-json\/wp\/v2\/users\/1"}],"replies":[{"embeddable":true,"href":"https:\/\/laser.usal.es\/osal\/wp-json\/wp\/v2\/comments?post=5986"}],"version-history":[{"count":37,"href":"https:\/\/laser.usal.es\/osal\/wp-json\/wp\/v2\/pages\/5986\/revisions"}],"predecessor-version":[{"id":6371,"href":"https:\/\/laser.usal.es\/osal\/wp-json\/wp\/v2\/pages\/5986\/revisions\/6371"}],"up":[{"embeddable":true,"href":"https:\/\/laser.usal.es\/osal\/wp-json\/wp\/v2\/pages\/5886"}],"wp:attachment":[{"href":"https:\/\/laser.usal.es\/osal\/wp-json\/wp\/v2\/media?parent=5986"}],"curies":[{"name":"wp","href":"https:\/\/api.w.org\/{rel}","templated":true}]}}